{"id":2,"date":"2024-04-16T10:09:58","date_gmt":"2024-04-16T10:09:58","guid":{"rendered":"http:\/\/kysuvietnhat.com\/?page_id=2"},"modified":"2024-12-07T21:06:13","modified_gmt":"2024-12-07T12:06:13","slug":"sample-page","status":"publish","type":"page","link":"https:\/\/kysuvietnhat.com\/","title":{"rendered":"<CHI\u00caU SINH KH\u00d3A 6 L\u1edaP LUY\u1ec6N THI 2\u7d1a\u571f\u6728\u65bd\u5de5\u7ba1\u7406\u6280\u58eb>"},"content":{"rendered":"\r\n<blockquote class=\"wp-block-quote\">\r\n<div class=\"html-div xdj266r x11i5rnm xat24cr x1mh8g0r xexx8yu x4uap5 x18d9i69 xkhd6sd\" tabindex=\"-1\">\r\n<div class=\"html-div xdj266r x11i5rnm x1mh8g0r xexx8yu x4uap5 x18d9i69 xkhd6sd x1e56ztr\"><span class=\"x193iq5w xeuugli x13faqbe x1vvkbs x1xmvt09 x6prxxf xvq8zen xo1l8bm xzsf02u\"><span class=\"html-span xexx8yu x4uap5 x18d9i69 xkhd6sd x1hl2dhg x16tdsg8 x1vvkbs x3nfvp2 x1j61x8r x1fcty0u xdj266r xat24cr xgzva0m xhhsvwb xxymvpz xlup9mm x1kky2od\"><img loading=\"lazy\" decoding=\"async\" class=\"xz74otr\" src=\"https:\/\/static.xx.fbcdn.net\/images\/emoji.php\/v9\/te5\/1\/16\/1f250.png\" alt=\"\ud83c\ude50\" width=\"16\" height=\"16\" \/><\/span><span class=\"html-span xdj266r x11i5rnm xat24cr x1mh8g0r xexx8yu x4uap5 x18d9i69 xkhd6sd x1hl2dhg x16tdsg8 x1vvkbs\"><strong class=\"html-strong xdj266r x11i5rnm xat24cr x1mh8g0r xexx8yu x4uap5 x18d9i69 xkhd6sd x1hl2dhg x16tdsg8 x1vvkbs x1s688f\">LINK \u0110\u0102NG K\u00dd:<\/strong><\/span><\/span><\/div>\r\n<\/div>\r\n<div class=\"html-div xdj266r x11i5rnm xat24cr x1mh8g0r xexx8yu x4uap5 x18d9i69 xkhd6sd\" tabindex=\"-1\">\r\n<div class=\"html-div xdj266r x11i5rnm x1mh8g0r xexx8yu x4uap5 x18d9i69 xkhd6sd x1e56ztr\"><span class=\"x193iq5w xeuugli x13faqbe x1vvkbs x1xmvt09 x6prxxf xvq8zen xo1l8bm xzsf02u\" style=\"color: #ff0000;\"><span class=\"html-span xdj266r x11i5rnm xat24cr x1mh8g0r xexx8yu x4uap5 x18d9i69 xkhd6sd x1hl2dhg x16tdsg8 x1vvkbs\"><a class=\"x1i10hfl xjbqb8w x1ejq31n xd10rxx x1sy0etr x17r0tee x972fbf xcfux6l x1qhh985 xm0m39n x9f619 x1ypdohk xt0psk2 xe8uvvx xdj266r x11i5rnm xat24cr x1mh8g0r xexx8yu x4uap5 x18d9i69 xkhd6sd x16tdsg8 x1hl2dhg xggy1nq x1a2a7pz x1sur9pj xkrqix3 x1fey0fg x1s688f\" style=\"color: #ff0000;\" tabindex=\"0\" role=\"link\" href=\"https:\/\/forms.gle\/LPtpFHrhK4j9oN7j9?fbclid=IwZXh0bgNhZW0CMTAAAR3_6Dp8sevXIImDunmXlb1cIPf5BrK4y0q89BLl1NgGpI3qKepeknr3lDU_aem_jdcs-4bjUEVfzGRMLnG8JQ\" target=\"_blank\" rel=\"nofollow noopener noreferrer\"><strong class=\"html-strong xdj266r x11i5rnm xat24cr x1mh8g0r xexx8yu x4uap5 x18d9i69 xkhd6sd x1hl2dhg x16tdsg8 x1vvkbs x1s688f\">https:\/\/forms.gle\/LPtpFHrhK4j9oN7j9<\/strong><\/a><\/span><\/span><\/div>\r\n<div>\u00a0<\/div>\r\n<div>\r\n<div class=\"html-div xdj266r x11i5rnm xat24cr x1mh8g0r xexx8yu x4uap5 x18d9i69 xkhd6sd\" tabindex=\"-1\">\r\n<div class=\"html-div xdj266r x11i5rnm x1mh8g0r xexx8yu x4uap5 x18d9i69 xkhd6sd x1e56ztr\"><span class=\"x193iq5w xeuugli x13faqbe x1vvkbs x1xmvt09 x6prxxf xvq8zen xo1l8bm xzsf02u\"><span class=\"html-span xexx8yu x4uap5 x18d9i69 xkhd6sd x1hl2dhg x16tdsg8 x1vvkbs x3nfvp2 x1j61x8r x1fcty0u xdj266r xat24cr xgzva0m xhhsvwb xxymvpz xlup9mm x1kky2od\"><img loading=\"lazy\" decoding=\"async\" class=\"xz74otr\" src=\"https:\/\/static.xx.fbcdn.net\/images\/emoji.php\/v9\/t6c\/1\/16\/2764.png\" alt=\"\u2764\ufe0f\" width=\"16\" height=\"16\" \/><\/span><\/span><\/div>\r\n<\/div>\r\n<div class=\"html-div xdj266r x11i5rnm xat24cr x1mh8g0r xexx8yu x4uap5 x18d9i69 xkhd6sd\" tabindex=\"-1\">\r\n<div class=\"html-div xdj266r x11i5rnm x1mh8g0r xexx8yu x4uap5 x18d9i69 xkhd6sd x1e56ztr\"><span class=\"x193iq5w xeuugli x13faqbe x1vvkbs x1xmvt09 x6prxxf xvq8zen xo1l8bm xzsf02u\"><span class=\"html-span xdj266r x11i5rnm xat24cr x1mh8g0r xexx8yu x4uap5 x18d9i69 xkhd6sd x1hl2dhg x16tdsg8 x1vvkbs\"><strong class=\"html-strong xdj266r x11i5rnm xat24cr x1mh8g0r xexx8yu x4uap5 x18d9i69 xkhd6sd x1hl2dhg x16tdsg8 x1vvkbs x1s688f\">\u203bNh\u1eefng b\u1ea1n h\u1ecdc vi\u00ean c\u0169 s\u1ebd \u0111\u01b0\u1ee3c off 10% cho to\u00e0n b\u1ed9 c\u00e1c kh\u00f3a \u0111\u0103ng k\u00fd.<\/strong><\/span><\/span><\/div>\r\n<\/div>\r\n<div class=\"html-div xdj266r x11i5rnm xat24cr x1mh8g0r xexx8yu x4uap5 x18d9i69 xkhd6sd\" tabindex=\"-1\">\r\n<div class=\"html-div xdj266r x11i5rnm x1mh8g0r xexx8yu x4uap5 x18d9i69 xkhd6sd x1e56ztr\"><span class=\"x193iq5w xeuugli x13faqbe x1vvkbs x1xmvt09 x6prxxf xvq8zen xo1l8bm xzsf02u\">Th\u00f4ng tin k\u1ef3 thi:<\/span><\/div>\r\n<\/div>\r\n<div class=\"html-div xdj266r x11i5rnm xat24cr x1mh8g0r xexx8yu x4uap5 x18d9i69 xkhd6sd\" tabindex=\"-1\">\r\n<div class=\"html-div xdj266r x11i5rnm x1mh8g0r xexx8yu x4uap5 x18d9i69 xkhd6sd x1e56ztr\"><span class=\"x193iq5w xeuugli x13faqbe x1vvkbs x1xmvt09 x6prxxf xvq8zen xo1l8bm xzsf02u\">\u0110\u1ee3t thi 2025\u524d\u671f ch\u1ec9 c\u00f3 b\u00e0i thi 1\u6b21\u691c\u5b9a \u0111\u01b0\u1ee3c t\u1ed5 ch\u1ee9c . C\u00e1c b\u1ea1n c\u00f3 th\u1ec3 \u0111\u0103ng k\u00fd kh\u00f3a h\u1ecdc ph\u00f9 h\u1ee3p v\u1edbi l\u1ed9 tr\u00ecnh c\u1ee7a b\u1ea3n th\u00e2n.<\/span><\/div>\r\n<\/div>\r\n<div class=\"html-div xdj266r x11i5rnm xat24cr x1mh8g0r xexx8yu x4uap5 x18d9i69 xkhd6sd\" tabindex=\"-1\">\r\n<div class=\"html-div xdj266r x11i5rnm x1mh8g0r xexx8yu x4uap5 x18d9i69 xkhd6sd x1e56ztr\"><span class=\"x193iq5w xeuugli x13faqbe x1vvkbs x1xmvt09 x6prxxf xvq8zen xo1l8bm xzsf02u\"><span class=\"html-span xexx8yu x4uap5 x18d9i69 xkhd6sd x1hl2dhg x16tdsg8 x1vvkbs x3nfvp2 x1j61x8r x1fcty0u xdj266r xat24cr xgzva0m xhhsvwb xxymvpz xlup9mm x1kky2od\"><img loading=\"lazy\" decoding=\"async\" class=\"xz74otr\" src=\"https:\/\/static.xx.fbcdn.net\/images\/emoji.php\/v9\/t3\/1\/16\/1f380.png\" alt=\"\ud83c\udf80\" width=\"16\" height=\"16\" \/><\/span>\u00a0\u4e00\u6b21\u691c\u5b9a\u306e\u307f\u30b3\u30fc\u30b9<\/span><\/div>\r\n<\/div>\r\n<div class=\"html-div xdj266r x11i5rnm xat24cr x1mh8g0r xexx8yu x4uap5 x18d9i69 xkhd6sd\" tabindex=\"-1\">\r\n<div class=\"html-div xdj266r x11i5rnm x1mh8g0r xexx8yu x4uap5 x18d9i69 xkhd6sd x1e56ztr\"><span class=\"x193iq5w xeuugli x13faqbe x1vvkbs x1xmvt09 x6prxxf xvq8zen xo1l8bm xzsf02u\"><span class=\"html-span xdj266r x11i5rnm xat24cr x1mh8g0r xexx8yu x4uap5 x18d9i69 xkhd6sd x1hl2dhg x16tdsg8 x1vvkbs\"><a class=\"x1i10hfl xjbqb8w x1ejq31n xd10rxx x1sy0etr x17r0tee x972fbf xcfux6l x1qhh985 xm0m39n x9f619 x1ypdohk xt0psk2 xe8uvvx xdj266r x11i5rnm xat24cr x1mh8g0r xexx8yu x4uap5 x18d9i69 xkhd6sd x16tdsg8 x1hl2dhg xggy1nq x1a2a7pz x1sur9pj xkrqix3 xzsf02u x1s688f\" tabindex=\"0\" role=\"link\" href=\"https:\/\/www.facebook.com\/groups\/kusuvietnhat\" target=\"_blank\" rel=\"noopener\">https:\/\/www.facebook.com\/groups\/kusuvietnhat<\/a><\/span><\/span><\/div>\r\n<\/div>\r\n<div class=\"html-div xdj266r x11i5rnm xat24cr x1mh8g0r xexx8yu x4uap5 x18d9i69 xkhd6sd\" tabindex=\"-1\">\r\n<div class=\"html-div xdj266r x11i5rnm x1mh8g0r xexx8yu x4uap5 x18d9i69 xkhd6sd x1e56ztr\"><span class=\"x193iq5w xeuugli x13faqbe x1vvkbs x1xmvt09 x6prxxf xvq8zen xo1l8bm xzsf02u\"><span class=\"html-span xexx8yu x4uap5 x18d9i69 xkhd6sd x1hl2dhg x16tdsg8 x1vvkbs x3nfvp2 x1j61x8r x1fcty0u xdj266r xat24cr xgzva0m xhhsvwb xxymvpz xlup9mm x1kky2od\"><img loading=\"lazy\" decoding=\"async\" class=\"xz74otr\" src=\"https:\/\/static.xx.fbcdn.net\/images\/emoji.php\/v9\/t6c\/1\/16\/2764.png\" alt=\"\u2764\ufe0f\" width=\"16\" height=\"16\" \/><\/span>Ti\u1ebfp n\u1ed1i h\u00e0nh tr\u00ecnh H\u1ed9i h\u1eefu ngh\u1ecb X\u00e2y d\u1ef1ng Vi\u1ec7t Nh\u1eadt \u65e5\u8d8a\u5efa\u8a2d\u4ea4\u6d41\u4f1a chu\u1ea9n b\u1ecb \u0111\u1ebfn kh\u00f3a th\u1ee9 6, kh\u00f3a h\u1ecdc ch\u1ee9ng ch\u1ec9 2\u7d1a\u571f\u6728\u65bd\u5de5\u7ba1\u7406\u6280\u58eb<\/span><\/div>\r\n<\/div>\r\n<div class=\"html-div xdj266r x11i5rnm xat24cr x1mh8g0r xexx8yu x4uap5 x18d9i69 xkhd6sd\" tabindex=\"-1\">\r\n<div class=\"html-div xdj266r x11i5rnm x1mh8g0r xexx8yu x4uap5 x18d9i69 xkhd6sd x1e56ztr\"><span class=\"x193iq5w xeuugli x13faqbe x1vvkbs x1xmvt09 x6prxxf xvq8zen xo1l8bm xzsf02u\"><span class=\"html-span xexx8yu x4uap5 x18d9i69 xkhd6sd x1hl2dhg x16tdsg8 x1vvkbs x3nfvp2 x1j61x8r x1fcty0u xdj266r xat24cr xgzva0m xhhsvwb xxymvpz xlup9mm x1kky2od\"><img loading=\"lazy\" decoding=\"async\" class=\"xz74otr\" src=\"https:\/\/static.xx.fbcdn.net\/images\/emoji.php\/v9\/tea\/1\/16\/1f970.png\" alt=\"\ud83e\udd70\" width=\"16\" height=\"16\" \/><\/span>Hy v\u1ecdng v\u1edbi nh\u1eefng ki\u1ebfn th\u1ee9c v\u00e0 c\u00f4ng s\u1ee9c nh\u1ecf nhoi c\u1ee7a m\u00ecnh, c\u00f3 th\u1ec3 gi\u00fap c\u00e1c b\u1ea1n h\u1ecdc vi\u00ean m\u1ed9t c\u00e1ch nhanh nh\u1ea5t c\u00f3 \u0111\u01b0\u1ee3c c\u00e1c ch\u1ee9ng ch\u1ec9 \u1edf Nh\u1eadt v\u00e0 ch\u1ee9ng t\u1ecf m\u00ecnh trong c\u00f4ng vi\u1ec7c.<\/span><\/div>\r\n<\/div>\r\n<div class=\"html-div xdj266r x11i5rnm xat24cr x1mh8g0r xexx8yu x4uap5 x18d9i69 xkhd6sd\" tabindex=\"-1\">\r\n<div class=\"html-div xdj266r x11i5rnm x1mh8g0r xexx8yu x4uap5 x18d9i69 xkhd6sd x1e56ztr\"><span class=\"x193iq5w xeuugli x13faqbe x1vvkbs x1xmvt09 x6prxxf xvq8zen xo1l8bm xzsf02u\"><span class=\"html-span xdj266r x11i5rnm xat24cr x1mh8g0r xexx8yu x4uap5 x18d9i69 xkhd6sd x1hl2dhg x16tdsg8 x1vvkbs\"><a class=\"x1i10hfl xjbqb8w x1ejq31n xd10rxx x1sy0etr x17r0tee x972fbf xcfux6l x1qhh985 xm0m39n x9f619 x1ypdohk xt0psk2 xe8uvvx xdj266r x11i5rnm xat24cr x1mh8g0r xexx8yu x4uap5 x18d9i69 xkhd6sd x16tdsg8 x1hl2dhg xggy1nq x1a2a7pz x1sur9pj xkrqix3 x1fey0fg x1s688f\" tabindex=\"0\" role=\"link\" href=\"https:\/\/www.facebook.com\/hashtag\/2%E7%B4%9A%E5%9C%9F%E6%9C%A8%E6%96%BD%E5%B7%A5%E7%AE%A1%E7%90%86%E6%8A%80%E5%A3%AB?__eep__=6&amp;__cft__[0]=AZVYGiUwT7lvgdlIxN2bzxZdrL8zPvx8zEorkyHCjddLwhBV8EfA8X7UeJbihJ0r7MI1Le9IYJ3kJDZ_PhDlE-JMVANg1ON2L20teglqJtYjc7PVcB9ltdCWlI4XI3XoElR_G_jyFR1koMbIAv8FGphkryXWAmCgVXsOsnUNhxpTg9pyKOWp4QlyIeoN_8Ayl-84JKvzibvVGbKIXhiItsoI\" target=\"_blank\" rel=\"noopener\">#2\u7d1a\u571f\u6728\u65bd\u5de5\u7ba1\u7406\u6280\u58eb<\/a><\/span><\/span><\/div>\r\n<\/div>\r\n<div class=\"html-div xdj266r x11i5rnm xat24cr x1mh8g0r xexx8yu x4uap5 x18d9i69 xkhd6sd\" tabindex=\"-1\">\r\n<div class=\"html-div xdj266r x11i5rnm x1mh8g0r xexx8yu x4uap5 x18d9i69 xkhd6sd x1e56ztr\"><span class=\"x193iq5w xeuugli x13faqbe x1vvkbs x1xmvt09 x6prxxf xvq8zen xo1l8bm xzsf02u\"><span class=\"html-span xdj266r x11i5rnm xat24cr x1mh8g0r xexx8yu x4uap5 x18d9i69 xkhd6sd x1hl2dhg x16tdsg8 x1vvkbs\"><a class=\"x1i10hfl xjbqb8w x1ejq31n xd10rxx x1sy0etr x17r0tee x972fbf xcfux6l x1qhh985 xm0m39n x9f619 x1ypdohk xt0psk2 xe8uvvx xdj266r x11i5rnm xat24cr x1mh8g0r xexx8yu x4uap5 x18d9i69 xkhd6sd x16tdsg8 x1hl2dhg xggy1nq x1a2a7pz x1sur9pj xkrqix3 x1fey0fg x1s688f\" tabindex=\"0\" role=\"link\" href=\"https:\/\/www.facebook.com\/hashtag\/%E6%97%A5%E8%B6%8A%E5%BB%BA%E8%A8%AD%E4%BA%A4%E6%B5%81%E4%BC%9A?__eep__=6&amp;__cft__[0]=AZVYGiUwT7lvgdlIxN2bzxZdrL8zPvx8zEorkyHCjddLwhBV8EfA8X7UeJbihJ0r7MI1Le9IYJ3kJDZ_PhDlE-JMVANg1ON2L20teglqJtYjc7PVcB9ltdCWlI4XI3XoElR_G_jyFR1koMbIAv8FGphkryXWAmCgVXsOsnUNhxpTg9pyKOWp4QlyIeoN_8Ayl-84JKvzibvVGbKIXhiItsoI\" target=\"_blank\" rel=\"noopener\">\uff03\u65e5\u8d8a\u5efa\u8a2d\u4ea4\u6d41\u4f1a<\/a><\/span><\/span><\/div>\r\n<\/div>\r\n<div><img loading=\"lazy\" decoding=\"async\" class=\"wp-image-183 aligncenter\" src=\"https:\/\/kysuvietnhat.com\/wp-content\/uploads\/2024\/12\/468158602_569587702693771_4617372931240220675_n-300x300.jpg\" alt=\"\" width=\"804\" height=\"804\" srcset=\"https:\/\/kysuvietnhat.com\/wp-content\/uploads\/2024\/12\/468158602_569587702693771_4617372931240220675_n-300x300.jpg 300w, https:\/\/kysuvietnhat.com\/wp-content\/uploads\/2024\/12\/468158602_569587702693771_4617372931240220675_n-100x100.jpg 100w, https:\/\/kysuvietnhat.com\/wp-content\/uploads\/2024\/12\/468158602_569587702693771_4617372931240220675_n-150x150.jpg 150w, https:\/\/kysuvietnhat.com\/wp-content\/uploads\/2024\/12\/468158602_569587702693771_4617372931240220675_n-320x320.jpg 320w, https:\/\/kysuvietnhat.com\/wp-content\/uploads\/2024\/12\/468158602_569587702693771_4617372931240220675_n.jpg 526w\" sizes=\"auto, (max-width: 804px) 100vw, 804px\" \/><\/div>\r\n<\/div>\r\n<\/div>\r\n<\/blockquote>\r\n<!-- \/wp:post-content -->","protected":false},"excerpt":{"rendered":"<p>LINK \u0110\u0102NG K\u00dd: https:\/\/forms.gle\/LPtpFHrhK4j9oN7j9 \u00a0 \u203bNh\u1eefng b\u1ea1n h\u1ecdc vi\u00ean c\u0169 s\u1ebd \u0111\u01b0\u1ee3c off 10% cho to\u00e0n b\u1ed9 c\u00e1c kh\u00f3 [&hellip;]<\/p>\n","protected":false},"author":1,"featured_media":0,"parent":0,"menu_order":0,"comment_status":"closed","ping_status":"closed","template":"","meta":{"_uag_custom_page_level_css":"","_jinr_url_youtube":"","_jinr_pip_youtube":false,"_jinr_time_youtube":"","_jinr_thumb_youtube":"","_jinr_media_youtube":"","_jinr_category_edit":false,"_jinr_category":"","_jinr_title_display":false,"_jinr_snsbutton_display":false,"_jinr_ads_display":false,"_jinr_thumbnail_display":false,"_jinr_profile_display":false,"_jinr_representations_display":false,"_jinr_relatedpost_display":false,"_jinr_sidebar1col_display":false,"_jinr_sidebar2col_display":false,"_jinr_seotitle_display":"","_jinr_description_display":"","_jinr_keyword_display":"","_jinr_hastag_display":"","_jinr_canonical_display":"","_jinr_noindex_display":false,"_jinr_paidpost":false,"_jinr_paidpost_product_id":"","_jinr_headtag_article":"","footnotes":""},"class_list":["post-2","page","type-page","status-publish","hentry"],"uagb_featured_image_src":{"full":false,"thumbnail":false,"medium":false,"medium_large":false,"large":false,"1536x1536":false,"2048x2048":false,"post-thumbnail":false,"thumbnail_size":false,"small_size":false,"medium_size":false,"large_size":false,"woocommerce_thumbnail":false,"woocommerce_single":false,"woocommerce_gallery_thumbnail":false},"uagb_author_info":{"display_name":"kysuvietnhat","author_link":"https:\/\/kysuvietnhat.com\/author\/kysuvietnhat"},"uagb_comment_info":0,"uagb_excerpt":"LINK \u0110\u0102NG K\u00dd: https:\/\/forms.gle\/LPtpFHrhK4j9oN7j9 \u00a0 \u203bNh&hellip;","_links":{"self":[{"href":"https:\/\/kysuvietnhat.com\/index.php?rest_route=\/wp\/v2\/pages\/2","targetHints":{"allow":["GET"]}}],"collection":[{"href":"https:\/\/kysuvietnhat.com\/index.php?rest_route=\/wp\/v2\/pages"}],"about":[{"href":"https:\/\/kysuvietnhat.com\/index.php?rest_route=\/wp\/v2\/types\/page"}],"author":[{"embeddable":true,"href":"https:\/\/kysuvietnhat.com\/index.php?rest_route=\/wp\/v2\/users\/1"}],"replies":[{"embeddable":true,"href":"https:\/\/kysuvietnhat.com\/index.php?rest_route=%2Fwp%2Fv2%2Fcomments&post=2"}],"version-history":[{"count":12,"href":"https:\/\/kysuvietnhat.com\/index.php?rest_route=\/wp\/v2\/pages\/2\/revisions"}],"predecessor-version":[{"id":190,"href":"https:\/\/kysuvietnhat.com\/index.php?rest_route=\/wp\/v2\/pages\/2\/revisions\/190"}],"wp:attachment":[{"href":"https:\/\/kysuvietnhat.com\/index.php?rest_route=%2Fwp%2Fv2%2Fmedia&parent=2"}],"curies":[{"name":"wp","href":"https:\/\/api.w.org\/{rel}","templated":true}]}}